 8 - 2 - -9
4
Calculate (1 - 0) + (-2 - -2) + -2.
-1
What is the value of -3 + -9 + (51 - 39)?
0
What is 14 - (5 + -6 - -15)?
0
Calculate -6 + (10 - (6 - 9)) + 2.
9
Calculate 0 - (4 + (-1 - -2) + -1).
-4
What is the value of -3 - -5 - (0 + 2)?
0
What is 3 + (-1 - 2) + 4 + -8?
-4
What is 1 + 0 + 29 + -26 - -1?
5
Evaluate (-4 - (2 + 3 + -3)) + 0.
-6
0 + -1 + -8 + (27 - 23)
-5
Calculate 0 + 0 + 2 + 30 + -33.
-1
What is -6 - (3 - (10 - 5))?
-4
What is the value of -1 + -11 + 4 + (0 - -15)?
7
Calculate -5 + 9 + -6 - (1 - 5).
2
What is the value of 2 + 5 + 7 + -12?
2
Calculate 0 + 5 + (-4 - (-1 - 0)).
2
What is (3 + 0 - (3 - -2)) + -1?
-3
What is the value of 6 + 7 + -2 + 0 + -2?
9
What is -5 - ((8 - 2) + -7)?
-4
Calculate 2 + 10 - (-7 + (-3 - -16)).
6
Evaluate 8 + -6 - 0 - 2.
0
What is 3 + 1 + -14 + 6?
-4
Evaluate (1 - -3) + (0 + 2 - -1).
7
What is the value of 1 + -5 + 0 + 5 + -5?
-4
What is 3 + (-4 - (-4 + -2)) - -6?
11
Calculate 7 + -19 + (5 - 0).
-7
What is the value of -1 - -5 - (-3 + 5 + 2)?
0
What is the value of -8 + 7 + 3 + -3?
-1
Evaluate (-1 - -4) + (6 - (5 + 2)).
2
-10 + -1 - (92 - 113)
10
Evaluate -14 + 12 + 0 + 5.
3
-4 + (6 - (2 - -3))
-3
Evaluate (15 + -12 - -10) + -20.
-7
Calculate -3 - (8 - 4 - 7).
0
(-1 - 5) + (-7 - -10)
-3
Evaluate -1 + 3 + -14 + 7.
-5
Calculate -5 - (9 - 3 - 1) - -4.
-6
(-90 - -92) + (0 - 0)
2
Calculate 8 + -1 + (-2 - 7) + 5.
3
What is the value of -8 + (4 - -1 - (-14 - -12))?
-1
1 + (-9 + 6 - (-1 + -4))
3
Evaluate 8 - (-1 - (4 - 9)) - 8.
-4
What is the value of 3 + -5 - (-1 - -4)?
-5
What is 5 + -4 - (23 - 17)?
-5
Calculate 1 - ((-7 - -4) + -1).
5
Evaluate -1 - ((-3 - -4) + 3).
-5
Calculate 7 + -6 - (-4 - -1).
4
What is -3 + -4 + 5 - -4 - 4?
-2
2 - (5 - 2) - (-1 - -4)
-4
Calculate 10 - (0 - -4) - 3.
3
Calculate (-4 - -1) + (13 - 11).
-1
Evaluate (-5 - (2 - 6)) + (0 - -1).
0
What is the value of (-2 - -6) + (-1 - 1)?
2
7 + (-2 - (5 - 1))
1
What is -3 - (2 + (-11 - -1))?
5
What is the value of 2 + -2 + 2 - (-1 + 0)?
3
Calculate 12 - (12 - -17) - -10.
-7
What is (12 - (9 - 5)) + -4?
4
Calculate 2 + -2 + (0 - -2) + -2.
0
Evaluate (-4 - 2) + (0 - (-2 - 3)).
-1
What is 7 - ((2 - 5) + (7 - -2))?
1
What is (-2 - -10) + -5 + 14 + -8?
9
Evaluate 2 - (3 - (-11 + 11)).
-1
Calculate -4 - 1 - (23 - 29) - -4.
5
Evaluate 1 + (-5 + 4 - -5).
5
Calculate -3 + (-2 - -1) + 6 + -2.
0
-3 + -2 + -3 + 3
-5
-3 + 6 + -3 + -1 - -3
2
-4 - (3 - 10 - 3)
6
What is 5 + (2 - 14) + 3?
-4
Calculate -5 - (-2 - (1 + 0)) - -3.
1
73 + -73 - (0 + 1)
-1
Evaluate 1 - 5 - (2 - 2).
-4
What is -4 - (-3 + 7 - 3)?
-5
Calculate -7 + 6 + -7 + 7 - 2.
-3
What is the value of 2 + (1 + -5 - (1 - 1))?
-2
0 + 1 + (-15 - -13)
-1
Calculate (-1 - 0) + (-2 - -3 - 5).
-5
What is 5 + (-3 - 4 - (-2 + -1))?
1
Evaluate 35 + -41 + (1 - -2).
-3
(3 - (-8 - -7)) + -7 + 2
-1
Calculate -4 + 5 + -9 - -3.
-5
What is -3 + -2 + -2 + (38 - 25)?
6
Calculate (1 - 2) + (1 - 3).
-3
What is 3 + 4 + 0 + (0 - 4)?
3
What is the value of 3 + -2 + 2 + (39 - 38)?
4
What is 11 + -14 + 2 + 0?
-1
2 + (-2 + 3 - -1) - 4
0
Calculate 1 + (2 - (-1 - 1) - -3).
8
Evaluate 4 + (29 + -18 - (2 - -4)).
9
Calculate -2 + -2 + (-3 - -12 - 3).
2
What is -4 + 4 + (4 - 5)?
-1
What is 3 + 2 + -6 - -4?
3
Evaluate 2 + -2 + 0 + (3 - 2).
1
What is the value of (-63 - -61) + 1 + -2?
-3
Calculate -1 - (5 + 3 + -11).
2
What is 1 + (-1 - (-5 - -1)) + -3?
1
What is the value of -7 + 17 + -17 + 5?
-2
0 + (0 + 1 + -2 - 1)
-2
Calculate -2 + 2 + (2 - 5) - -3.
0
(-1 - -5 - 7 - 2) + 1
-4
7 - (8 - 3) - 0
2
-2 + 4 - (18 + -11)
-5
Calculate -1 - (3 + 2 + -5).
-1
What is the value of 7 + (2 - 4) + -9?
-4
Evaluate -14 + (1 - -14) + 1 + 2.
4
Calculate (-3 - 1) + -11 + 19.
4
(-4 - (-1 + (2 - 2))) + 2
-1
What is the value of 1 - (1 - 2 - (1 - 1))?
2
What is the value of -9 - 0 - (-9 + (-4 - -10))?
-6
What is the value of -2 - -3 - 1 - 0?
0
What is 3 + -5 + (-2 - -2) + 5?
3
(5 - 6 - 4) + 9
4
Evaluate -3 + (2 - (5 - -1) - -7).
0
What is the value of (-8 - -1) + (13 - 11)?
-5
11 + -10 + (0 - (6 + -2))
-3
Evaluate (1 - 3) + 24 + -20 - 6.
-4
Evaluate -8 + 7 + -2 + 4.
1
Evaluate -1 + (-3 - 0) - -1.
-3
Evaluate -1 + -4 + (-2 - -6).
-1
What is 6 + (3 - 4) - 0?
5
Evaluate 1 + (-4 - 1 - -4).
0
What is the value of -2 + -1 + 2 + 1 - -4?
4
What is 8 - 7 - (0 - (0 - 2))?
-1
What is the value of -1 - (-1 + (1 - -1) - 6)?
4
5 - (8 - (3 + 4))
4
Calculate (-13 - -1) + -20 + 34.
2
Evaluate -5 + (12 + -13 - -5).
-1
Evaluate (-1 - 0) + 51 + -50 - -3.
3
What is -5 + (-4 + 1 - (-17 - -13))?
-4
Calculate (0 - 4) + 6 - 1.
1
(3 + -4 - -8) + -8
-1
What is (8 + -3 - (2 - 1)) + -1?
3
Calculate (-2 - -2) + 1 - 1.
0
Evaluate 7 - (6 + 3 + -5).
3
Calculate 1 - (9 + (-12 - 3)).
7
What is the value of (1 - 1) + (1 - -7) + -3?
5
What is the value of 6 + (3 - 1) - 3?
5
Calculate 5 + (-1 - 2 - -3).
5
-35 - -37 - (4 + 1 - -1)
-4
What is the value of (-9 - (-16 + 3)) + 2 + -1?
5
-9 - (-9 + -10 + 9)
1
0 + (5 - 3) + -1
1
Evaluate 1 + 3 - (8 + -2 - 1).
-1
4 - ((-1 - -19) + -10)
-4
Calculate 3 - ((0 - (8 - 2)) + 11).
-2
1 + 1 - (9 - -3 - 14)
4
What is the value of 7 + -4 + (-3 - -4)?
4
What is the value of 6 - (1 + 3 - (-4 + 6))?
4
What is -3 - (-5 + -3 + 4)?
1
-4 + 1 + (5 - 0) - 2
0
-4 + 2 + -7 + 14 - 2
3
2 - (-1 - -3) - -2
2
What is 4 + -2 + 3 + -2?
3
Calculate -2 + (1 - (-3 + 3)) + 6.
5
Calculate 6 + (7 - 9) + 2.
6
Evaluate -40 - -21 - (0 + -12).
-7
8 + 6 - (7 + 2)
5
Evaluate -2 + (11 - 4) + -3.
2
(-7 - 3 - -14) + 3
7
What is the value of (2 - 9) + (-59 - -65)?
-1
Calculate 23 - 26 - (-5 + -2 - -2).
2
1 - (1 + 5) - -2
-3
What is -10 + 18 + (8 - 11)?
5
Calculate 2 + 0 + -13 + 12.
1
1 - (14 - (-2 - (-7 + -1)))
-7
What is the value of -3 + (3 - 4 - -2)?
-2
What is the value of 3 + -1 - ((8 - 11) + 5)?
0
Calculate (4 - 4 - -2) + -5.
-3
What is (1 - (0 - 3)) + 0 + -3?
1
What is 11 + 0 + 83 + -97?
-3
9 + -6 + (-3 - 0) - -1
1
What is the value of (1 - 0) + (7 - -8 - 11)?
5
What is the value of 9 + (6 - 13 - 3)?
-1
Calculate -2 + 7 + -1 + -5.
-1
Evaluate -7 + 8 + 8 - 6.
3
What is the value of 4 - -4 - 4 - (6 - 3)?
1
1 + -3 - (-23 - (-8 + -7))
6
Evaluate (-11 - -7) + -1 + 2 + 0.
-3
What is 2 + 6 + 0 - (1 - -3)?
4
Evaluate -9 - (2 - -2 - (6 + 2)).
-5
What is 2 - (1 - (1 + 1 - 1))?
2
Calculate (0 - 1) + (-6 - -12).
5
What is -2 - -6 - 1 - (6 - 0)?
-3
What is -8 - (-8 - (-6 + -2))?
-8
What is 4 - (-7 - -6) - 10?
-5
Calculate 2 - (1 + -4 + (32 - 27)).
0
Evaluate 4 - (4 - (6 - 1)) - 0.
5
Evaluate (9 - 14) + 14 + -13.
-4
(-3 - (3 - 3)) + 6 + 2
5
Calculate -5 + -9 + 0 + 15.
1
What is the value of -2 + 2 + 1 - (8 - 11)?
4
9 + -3 + -18 + 9
-3
What is 9 + -7 + 2 + -1 + -2?
1
1 - (-1 - -1) - 4
-3
What is the value of (3 + -12 - 7) + 13?
-3
What is -3 - 9 - (61 - 66)?
-7
Evaluate 3 + (-3 - ((-3 - 3) + 3)).
3
Calculate (10 + -12 - (6 - 1)) + 2.
-5
Evaluate -3 - 0 - (-8 + 2 + 1).
2
3 - 2 - (4 + 2)
-5
(5 - 10) + 9 - 9
-5
What is 3 - (-2 - -5) - -2 - -3?
5
What is 3 + -7 - ((-5 - -1) + 0)?
0
What is the value of (0 - 1) + (-1 - -1 - -3)?
2
What is (-1 - -7) + -3 + 0?
3
Evaluate 2 + -9 + 3 - -5.
1
Evaluate -6 - (1 - (0 - -2)) - -1.
-4
Evaluate (5 - 4) + 6 + -2.
5
Calculate -2 + 2 - (-1 - -2).
-1
4 + 0 + -4 + 1 + 4
5
Calculate (20 - 8) + (-17 - -6).
1
-12 - (-37 + 8) - 10
7
What is 1 + 2 - (3 + (-3 - 1))?
4
Evaluate -1 - (-2 - (-2 - -2)).
1
Evaluate (2 - (2 - -1)) + (9 - 5).
3
Evaluate 4 - (3 + 2 + -2 - -2).
-1
Evaluate 3 + (-2 + -9 - -16).
8
What is 6 + 1 - (-137 - -148)?
-4
What is 9 + -1 + -12 + (-1 - 1)?
-6
What is the value of -4 - (4 - (-5 - -8))?
-5
Evaluate -4 + 4 + 0 + (3 - 6).
-3
Calculate 45 + -46 - (-2 - (-1 + 0)).
0
(-11 - -11) + 1 + 1
2
-5 + (-4 + -2 - -10)
-1
What is 4 - (1 + (-3 - -3)) - 1?
2
What is the value of 5 + 1 + -14 - -3?
-5
What is the value of -4 + (4 - 2) - (-1 - -4)?
-5
0 - 2 - (13 + -24 + 15)
-6
Evaluate 12 - (-2 + 9) - 1.
4
What is the value of 0 + (0 - (1 + 3))?
-4
(1 - 6) + (-5 + 15 - 7)
-2
What is 1 - -12 - (-174 - -178)?
9
-7 + 7 + 1 - (3 - -3)
-5
What is -4 - -3 - (-1 - -3)?
-3
What is the value of 1 - 1 - ((-7 - -9) + -4)?
2
What is 7 + (6 - (1 - -12))?
0
What is the value of -4 + -2 + 6 + (-4 - -1)?
-3
What is the value of -1 - (-4 - (-1 + -7) - 4)?
-1
What is the value of (7 + -3 - (5 - 4)) + -7?
-4
What is 3 - ((2 - 5) + 0) - -2?
8
-8 + (3 - 7) + 8 - -6
2
What 